735 + -64696. Is p composite?
False
Suppose 4*i = 2*m + 22, 2*m - 1 = -3*i + 5. Suppose -4*g + i*x = -2680, 3*g - 2*x = 7*g - 2674. Is g a prime number?
False
Let g(a) = 16*a**2 + 16*a + 10. Let y be g(-13). Let m = y - 1098. Suppose -i = 5*r - 4030 + 1670, -i - m = -3*r. Is r prime?
False
Let z(d) = 36971*d - 6. Is z(4) prime?
False
Suppose 0 = 4*o - 3*c - 14822, 0*o - 3*o = 4*c - 11129. Let x = o + -948. Is x prime?
False
Is -68 + 56 - 51662/(-2) composite?
False
Suppose -6*h + 8*h = 47320. Let g = 3998 - h. Let i = -13523 - g. Is i a prime number?
False
Suppose -121*z - 3*l = -120*z - 1872778, 5*z = 4*l + 9364023. Is z a composite number?
False
Suppose 2110 = 3*s - 722. Let b = 1423 - s. Let i = b + -6. Is i a composite number?
True
Let w(c) = 120*c + 159. Let a be w(50). Suppose -5*b + 14086 + a = 0. Is b prime?
True
Suppose -822*y + 838*y - 1877024 = 0. Is y prime?
False
Let h be 0 + 31/2*406. Suppose -5*k + 2*j = -2, -97*k + 98*k + 4*j = -4. Suppose 4*n - 3*c + 297 - 8705 = k, -3*n + h = c. Is n prime?
True
Let m = -14345 - 1558. Let w = 26974 + m. Is w a prime number?
True
Suppose -5337559 + 3061281 = -9*q + 4088243. Is q a prime number?
False
Suppose -732*n = -685*n - 4344257. Is n a composite number?
False
Let c be (-3 + 5)/(4/10). Suppose -c*r = -3*w - 5429, -4*w - 5427 = -5*r - 0*w. Is r prime?
True
Let h(o) = 5801*o + 16. Let a be h(-7). Let d = 28296 + a. Is (d/(-10))/(4/8) a composite number?
False
Suppose -61*w = -60*w - 3. Suppose 4*d - 3*z - 2*z = -1261, -w*z + 1560 = -5*d. Is (-6)/10*d - 32/80 a composite number?
True
Let h(c) be the first derivative of -4*c - 7/2*c**2 - 3 + 1/3*c**3. Is h(10) a prime number?
False
Suppose -26*a + 299760 = -10*a. Suppose -12*r + 42117 = -a. Is r a composite number?
True
Let b = -34 + 38. Suppose b*v - 1224 = 2292. Suppose -2*u - u + v = 0. Is u a composite number?
False
Suppose 3*u = 40 - 34. Is ((-12555)/10 + -3)/((-3)/u) a prime number?
True
Let y = -46033 + 99454. Suppose k = -5*o + y, 0*o + 21374 = 2*o - k. Is o composite?
True
Suppose -5*m + 4*x = -52411, -2*m - 43*x = -50*x - 20959. Is m a prime number?
False
Let d(s) = 3500*s + 4171. Is d(9) a composite number?
False
Let i = 202766 + -129657. Is i a composite number?
True
Suppose 2*y = -5*c + 7351 + 1112, -y = c - 4224. Is y*((-12)/(-2) + -5) composite?
False
Suppose 0 = 2*w, -5*a - 5*w + 1208 = 4153. Is (-224)/38 + 62/a + 22349 a composite number?
False
Suppose 5*t - 3*d = -37, 5*t - d - 23 + 62 = 0. Let b(r) = r**3 + 8*r**2 + 9. Let n be b(t). Suppose n*g - 5557 = 914. Is g a prime number?
True
Let t be (-28)/49 - 12/(-21). Suppose 2*m + 4*m - 54 = t. Let y(r) = 4*r**2 - 5*r - 22. Is y(m) prime?
True
Let h(g) = 13464*g + 2423. Is h(55) composite?
False
Let q = 388823 - 235014. Is q composite?
True
Is (-4624 + 21/7)/((-1)/3) prime?
False
Let c(y) = -4612*y**3 + 2*y**2 + 2*y. Let p be c(-1). Suppose 3*r = -6*l + 7*l - p, -4*r = 2*l - 9254. Is l a composite number?
False
Is 4733985/20 - -10*(-8)/320 a composite number?
False
Is 1578328/2 + (-2 + -13)/(11 + -14) composite?
False
Let v = 103496 - 43645. Is v prime?
False
Suppose -3*s + 2*j + 72479 = -124080, -327592 = -5*s - 3*j. Is s a prime number?
True
Let x = 30 - 26. Let q be -15 + 12 + -23*x. Let a = -28 - q. Is a prime?
True
Let d(m) = 6*m**2 + 46*m - 24. Let l be d(-8). Is 89766/10 + (380/(-50) - l) a prime number?
False
Let k be (478/(-4))/((-4)/48). Suppose -k = -2*z + 3538. Suppose -g + 2*p = -499, -5*g + 5*p = 4*p - z. Is g composite?
True
Let b(z) = -132737*z + 180. Is b(-1) composite?
True
Let m(l) = 10*l**2 + 13*l + 8. Suppose 2*x = 7*x + 45. Let n be ((-28)/(-6))/(6/x). Is m(n) a composite number?
True
Suppose 7*i - 6*i - 3 = 0. Let a(r) = -i + 84*r - 8 + 6*r + 12*r. Is a(10) a prime number?
True
Suppose 5*m - 25 = 75. Let c be (25/m)/(2/8). Suppose c*o - 4666 = 3*o. Is o a composite number?
False
Suppose -o + 8 = 11. Let a be -2*(-4)/6*o. Is -5 - a - (106*4)/(-2) a composite number?
False
Suppose 66*z - 52*z + 2*a = 2241988, 28 = 4*a. Is z composite?
False
Is 0 + 9 + -10 + 56384 a composite number?
False
Suppose b - 82625 = -3*u, 2*u = 4*b + 42000 + 13102. Is u a prime number?
False
Suppose -272*j + 319*j + 5827614 - 17500628 = 0. Is j composite?
True
Suppose q + 4*d = -0*q + 24, 2*d = -5*q + 30. Suppose 3*r - 2*r - 6 = 0. Suppose 0 = 2*p + q, -r*i + i - 3*p + 8999 = 0. Is i prime?
True
Let g(j) = -9*j**3 + 38*j**2 + 7*j + 67. Is g(-9) prime?
True
Let v = 101231 + -55868. Is v composite?
True
Suppose 3*g - 66179 - 68850 = -4*l, 0 = -5*g + 4*l + 225027. Is g prime?
True
Let p(t) = 2635*t - 123. Is p(2) composite?
False
Let x = 84773 - 22894. Is x a prime number?
True
Let w = -295 + 329. Suppose -39*o = -w*o - 4045. Is o composite?
False
Is 7*15558 - ((-18)/8 - 90/(-72)) a composite number?
False
Suppose -5*c - 47 = -4*g + 18, g - c = 17. Let o = g + -18. Suppose -2*y = 2*u - 376, -2*y - 3*y = o*u - 367. Is u composite?
False
Let w(r) = -9890*r - 10. Let p be w(1). Let y = -6695 - p. Is y composite?
True
Suppose k + 2 + 3 = -5*g, -1 = k + g. Let x(m) = k*m**2 + 3*m**2 - m**3 - 12 + 7 + m. Is x(-3) prime?
False
Suppose -5*i + 7*a - 3969310 = 2*a, 4*i + 3175438 = -a. Is i/(-70) + 2/14 a composite number?
True
Suppose -3*k - 28282 = -4*f, 2*f - 14148 = 717*k - 712*k. Is f prime?
True
Suppose 35*n - 31*n - 5*d - 2632709 = 0, -6 = -2*d. Is n a prime number?
False
Let g(j) = 41*j - 18. Let y(t) = -83*t + 37. Let c(w) = 13*g(w) + 6*y(w). Let o be c(7). Let a = o + 54. Is a composite?
True
Suppose 3*g - 10152 = 17*b - 20*b, 6776 = 2*g - 2*b. Is g composite?
True
Suppose -16*x - 123579 - 172414 = -17*x. Is x prime?
True
Suppose 4*j = 2*c - 251594, 0 = -4*j + 9*j - 15. Is c prime?
True
Let o be 3 + (-126)/35 + (-3)/(-5). Suppose -10*q + 6*q + 39021 = 5*a, 5*a - 4*q - 38989 = o. Is a a prime number?
False
Let s(n) be the first derivative of 73/3*n**3 + 2 - 2*n**2 + 0*n. Is s(-3) a prime number?
False
Is (-163169)/(-15*(-22)/(-330)) a prime number?
True
Suppose -502*f = -498*f - 97948. Is f a prime number?
False
Let s be (8/(-6))/(8 - 82737/10341). Let b be 0 - -3 - 0/(-3). Suppose b*p - s = -134. Is p a composite number?
True
Let v = 296833 + -154612. Is v prime?
False
Let g(m) = -2*m**3 - 36*m**2 + 50*m - 47. Is g(-45) a composite number?
False
Let c(g) = -208*g - 15. Let d be c(16). Let v = 7310 + d. Is v composite?
False
Let f = -82 - -82. Is (72/(-96))/(f - (-3)/(-93596)) composite?
False
Let n(q) = -2015*q - 173. Is n(-5) a composite number?
True
Let u = -5686 + 12472. Let y = u - 2927. Is y a prime number?
False
Suppose -40*d + 33 + 127 = 0. Let q(y) = -y**2 - 5*y - 3. Let x be q(-3). Suppose -d*u + x*w + 6273 = -912, w = 2*u - 3593. Is u a composite number?
True
Suppose w + 9*w = 3*m - 881227, -5*m + 1468567 = 4*w. Is m a composite number?
True
Suppose -4*o + 24 = 2*k, 4 = k - 3*o + 7. Suppose 0*n + k = j - 2*n, -3*n - 9 = j. Suppose x + 4*v - 541 = j, 1 - 17 = 4*v. Is x prime?
True
Is ((-3)/9)/((-80)/7206960) prime?
True
Suppose -126*g + 20408874 + 10290648 = 0. Is g composite?
False
Suppose 3*x - 1593680 = -y, -5*y + 128 - 163 = 0. Is x prime?
True
Suppose -15*h = -22*h + 76615. Suppose -h = -35*b + 24*b. Is b a prime number?
False
Let h(v) = v**3 - 13*v**2 + 11*v + 19. Let q be h(16). Suppose 8*t = 47189 + q. Is t a prime number?
False
Suppose -23*c + 10*c + 234 = 0. Suppose -18*n + 769572 = c*n. Is n a composite number?
False
Let a(l) = -3*l**2 + 4*l**2 + 3*l**2 + 6 + l**3 + 0*l**2 + 4*l. Let f be a(-3). Suppose -4*k + k - 2*j + 1149 = 0, -3*k + f*j = -1149. Is k a composite number?
False
Suppose 5*q = -3*f + 535454, q - 29*f - 107092 = -30*f. Is q a prime number?
True
Let x(p) = p - 3. Let a be x(7). Suppose 0 = c + 4*c + v - 6, -a*c - 2*v = 0. Suppose -4*q - 259 = -i, 2*i = -c*i - 2*q + 946. Is i prime?
True
Let h be ((-2662)/121)/(4/19626*3). Let n = h - -53500. Is n a prime number?
True
Let y be (-4 + -5)*3/(-9). Let t be -2 - (-2 + 0/y). Suppose -j + 141 = -t*j. Is j a composite number?
True
Let v = -162 - -170. Suppose 0 = -2*c - v, 2*m - 5*c = 2982 + 2196. Is m prime?
True
Let g(f) be the first derivative of 7*f**4/2 + 5*f**3/3 + 5*f**2 + f + 104. Suppose -20 = 3*r + 2*r, -p + 2*r = -14. Is g(p) a prime number?
False
Let v be (-108364)/(-30) + (-2 - (-224)/120).